{"id":13417,"date":"2025-09-22T16:17:15","date_gmt":"2025-09-22T14:17:15","guid":{"rendered":"https:\/\/informationdemocracy.org\/publications\/the-economic-imperative-of-investing-in-public-interest-media-statement-of-the-high-level-panel-on-public-interest-media\/"},"modified":"2025-10-13T15:47:08","modified_gmt":"2025-10-13T13:47:08","slug":"limperatif-economique-dinvestir-dans-les-medias-dinteret-public-une-declaration-de-11-economistes-de-premier-plan","status":"publish","type":"publications","link":"https:\/\/informationdemocracy.org\/fr\/publications\/limperatif-economique-dinvestir-dans-les-medias-dinteret-public-une-declaration-de-11-economistes-de-premier-plan\/","title":{"rendered":"L&rsquo;Imp\u00e9ratif \u00e9conomique d&rsquo;investir dans les m\u00e9dias d&rsquo;int\u00e9r\u00eat public: Une d\u00e9claration de 11 \u00e9conomistes de premier plan"},"content":{"rendered":"","protected":false},"featured_media":13418,"template":"","meta":{"_acf_changed":false},"contenu-mis-en-avant":[45],"thematic":[68],"publication-type":[94],"workstream":[],"class_list":["post-13417","publications","type-publications","status-publish","has-post-thumbnail","hentry","thematic-soutenabilite-des-medias","publication-type-report"],"acf":[],"yoast_head":"<!-- This site is optimized with the Yoast SEO plugin v27.4 - https:\/\/yoast.com\/product\/yoast-seo-wordpress\/ -->\n<title>L&#039;Imp\u00e9ratif \u00e9conomique d&#039;investir dans les m\u00e9dias d&#039;int\u00e9r\u00eat public: Une d\u00e9claration de 11 \u00e9conomistes de premier plan - Forum Information &amp; Democracy<\/title>\n<meta name=\"robots\" content=\"index, follow, max-snippet:-1, max-image-preview:large, max-video-preview:-1\" \/>\n<link rel=\"canonical\" href=\"https:\/\/informationdemocracy.org\/fr\/publications\/limperatif-economique-dinvestir-dans-les-medias-dinteret-public-une-declaration-de-11-economistes-de-premier-plan\/\" \/>\n<meta property=\"og:locale\" content=\"fr_FR\" \/>\n<meta property=\"og:type\" content=\"article\" \/>\n<meta property=\"og:title\" content=\"L&#039;Imp\u00e9ratif \u00e9conomique d&#039;investir dans les m\u00e9dias d&#039;int\u00e9r\u00eat public: Une d\u00e9claration de 11 \u00e9conomistes de premier plan - Forum Information &amp; Democracy\" \/>\n<meta property=\"og:url\" content=\"https:\/\/informationdemocracy.org\/fr\/publications\/limperatif-economique-dinvestir-dans-les-medias-dinteret-public-une-declaration-de-11-economistes-de-premier-plan\/\" \/>\n<meta property=\"og:site_name\" content=\"Forum Information &amp; Democracy\" \/>\n<meta property=\"article:modified_time\" content=\"2025-10-13T13:47:08+00:00\" \/>\n<meta property=\"og:image\" content=\"https:\/\/informationdemocracy.org\/wp-content\/uploads\/2025\/10\/Screenshot-2025-10-07-at-16.17.41.png\" \/>\n\t<meta property=\"og:image:width\" content=\"778\" \/>\n\t<meta property=\"og:image:height\" content=\"1100\" \/>\n\t<meta property=\"og:image:type\" content=\"image\/png\" \/>\n<meta name=\"twitter:card\" content=\"summary_large_image\" \/>\n<script type=\"application\/ld+json\" class=\"yoast-schema-graph\">{\"@context\":\"https:\\\/\\\/schema.org\",\"@graph\":[{\"@type\":\"WebPage\",\"@id\":\"https:\\\/\\\/informationdemocracy.org\\\/fr\\\/publications\\\/limperatif-economique-dinvestir-dans-les-medias-dinteret-public-une-declaration-de-11-economistes-de-premier-plan\\\/\",\"url\":\"https:\\\/\\\/informationdemocracy.org\\\/fr\\\/publications\\\/limperatif-economique-dinvestir-dans-les-medias-dinteret-public-une-declaration-de-11-economistes-de-premier-plan\\\/\",\"name\":\"L'Imp\u00e9ratif \u00e9conomique d'investir dans les m\u00e9dias d'int\u00e9r\u00eat public: Une d\u00e9claration de 11 \u00e9conomistes de premier plan - Forum Information &amp; Democracy\",\"isPartOf\":{\"@id\":\"https:\\\/\\\/informationdemocracy.org\\\/fr\\\/#website\"},\"primaryImageOfPage\":{\"@id\":\"https:\\\/\\\/informationdemocracy.org\\\/fr\\\/publications\\\/limperatif-economique-dinvestir-dans-les-medias-dinteret-public-une-declaration-de-11-economistes-de-premier-plan\\\/#primaryimage\"},\"image\":{\"@id\":\"https:\\\/\\\/informationdemocracy.org\\\/fr\\\/publications\\\/limperatif-economique-dinvestir-dans-les-medias-dinteret-public-une-declaration-de-11-economistes-de-premier-plan\\\/#primaryimage\"},\"thumbnailUrl\":\"https:\\\/\\\/informationdemocracy.org\\\/wp-content\\\/uploads\\\/2025\\\/10\\\/Screenshot-2025-10-07-at-16.17.41.png\",\"datePublished\":\"2025-09-22T14:17:15+00:00\",\"dateModified\":\"2025-10-13T13:47:08+00:00\",\"breadcrumb\":{\"@id\":\"https:\\\/\\\/informationdemocracy.org\\\/fr\\\/publications\\\/limperatif-economique-dinvestir-dans-les-medias-dinteret-public-une-declaration-de-11-economistes-de-premier-plan\\\/#breadcrumb\"},\"inLanguage\":\"fr-FR\",\"potentialAction\":[{\"@type\":\"ReadAction\",\"target\":[\"https:\\\/\\\/informationdemocracy.org\\\/fr\\\/publications\\\/limperatif-economique-dinvestir-dans-les-medias-dinteret-public-une-declaration-de-11-economistes-de-premier-plan\\\/\"]}]},{\"@type\":\"ImageObject\",\"inLanguage\":\"fr-FR\",\"@id\":\"https:\\\/\\\/informationdemocracy.org\\\/fr\\\/publications\\\/limperatif-economique-dinvestir-dans-les-medias-dinteret-public-une-declaration-de-11-economistes-de-premier-plan\\\/#primaryimage\",\"url\":\"https:\\\/\\\/informationdemocracy.org\\\/wp-content\\\/uploads\\\/2025\\\/10\\\/Screenshot-2025-10-07-at-16.17.41.png\",\"contentUrl\":\"https:\\\/\\\/informationdemocracy.org\\\/wp-content\\\/uploads\\\/2025\\\/10\\\/Screenshot-2025-10-07-at-16.17.41.png\",\"width\":778,\"height\":1100},{\"@type\":\"BreadcrumbList\",\"@id\":\"https:\\\/\\\/informationdemocracy.org\\\/fr\\\/publications\\\/limperatif-economique-dinvestir-dans-les-medias-dinteret-public-une-declaration-de-11-economistes-de-premier-plan\\\/#breadcrumb\",\"itemListElement\":[{\"@type\":\"ListItem\",\"position\":1,\"name\":\"Accueil\",\"item\":\"https:\\\/\\\/informationdemocracy.org\\\/fr\\\/\"},{\"@type\":\"ListItem\",\"position\":2,\"name\":\"L&#8217;Imp\u00e9ratif \u00e9conomique d&#8217;investir dans les m\u00e9dias d&#8217;int\u00e9r\u00eat public: Une d\u00e9claration de 11 \u00e9conomistes de premier plan\"}]},{\"@type\":\"WebSite\",\"@id\":\"https:\\\/\\\/informationdemocracy.org\\\/fr\\\/#website\",\"url\":\"https:\\\/\\\/informationdemocracy.org\\\/fr\\\/\",\"name\":\"Forum on Information & Democracy\",\"description\":\"\",\"publisher\":{\"@id\":\"https:\\\/\\\/informationdemocracy.org\\\/fr\\\/#organization\"},\"potentialAction\":[{\"@type\":\"SearchAction\",\"target\":{\"@type\":\"EntryPoint\",\"urlTemplate\":\"https:\\\/\\\/informationdemocracy.org\\\/fr\\\/?s={search_term_string}\"},\"query-input\":{\"@type\":\"PropertyValueSpecification\",\"valueRequired\":true,\"valueName\":\"search_term_string\"}}],\"inLanguage\":\"fr-FR\"},{\"@type\":\"Organization\",\"@id\":\"https:\\\/\\\/informationdemocracy.org\\\/fr\\\/#organization\",\"name\":\"Forum on Information & Democracy\",\"url\":\"https:\\\/\\\/informationdemocracy.org\\\/fr\\\/\",\"logo\":{\"@type\":\"ImageObject\",\"inLanguage\":\"fr-FR\",\"@id\":\"https:\\\/\\\/informationdemocracy.org\\\/fr\\\/#\\\/schema\\\/logo\\\/image\\\/\",\"url\":\"https:\\\/\\\/informationdemocracy.org\\\/wp-content\\\/uploads\\\/2025\\\/09\\\/Logo.svg\",\"contentUrl\":\"https:\\\/\\\/informationdemocracy.org\\\/wp-content\\\/uploads\\\/2025\\\/09\\\/Logo.svg\",\"width\":168,\"height\":51,\"caption\":\"Forum on Information & Democracy\"},\"image\":{\"@id\":\"https:\\\/\\\/informationdemocracy.org\\\/fr\\\/#\\\/schema\\\/logo\\\/image\\\/\"},\"sameAs\":[\"https:\\\/\\\/www.linkedin.com\\\/company\\\/forum-information-democracy\",\"https:\\\/\\\/www.youtube.com\\\/playlist?list=PL-yF0NqTYQU2B3I97oh3Dv2Dfevd8ThM_\",\"https:\\\/\\\/www.instagram.com\\\/foruminformationdemocracy\\\/\"]}]}<\/script>\n<!-- \/ Yoast SEO plugin. -->","yoast_head_json":{"title":"L'Imp\u00e9ratif \u00e9conomique d'investir dans les m\u00e9dias d'int\u00e9r\u00eat public: Une d\u00e9claration de 11 \u00e9conomistes de premier plan - Forum Information &amp; Democracy","robots":{"index":"index","follow":"follow","max-snippet":"max-snippet:-1","max-image-preview":"max-image-preview:large","max-video-preview":"max-video-preview:-1"},"canonical":"https:\/\/informationdemocracy.org\/fr\/publications\/limperatif-economique-dinvestir-dans-les-medias-dinteret-public-une-declaration-de-11-economistes-de-premier-plan\/","og_locale":"fr_FR","og_type":"article","og_title":"L'Imp\u00e9ratif \u00e9conomique d'investir dans les m\u00e9dias d'int\u00e9r\u00eat public: Une d\u00e9claration de 11 \u00e9conomistes de premier plan - Forum Information &amp; Democracy","og_url":"https:\/\/informationdemocracy.org\/fr\/publications\/limperatif-economique-dinvestir-dans-les-medias-dinteret-public-une-declaration-de-11-economistes-de-premier-plan\/","og_site_name":"Forum Information &amp; Democracy","article_modified_time":"2025-10-13T13:47:08+00:00","og_image":[{"width":778,"height":1100,"url":"https:\/\/informationdemocracy.org\/wp-content\/uploads\/2025\/10\/Screenshot-2025-10-07-at-16.17.41.png","type":"image\/png"}],"twitter_card":"summary_large_image","schema":{"@context":"https:\/\/schema.org","@graph":[{"@type":"WebPage","@id":"https:\/\/informationdemocracy.org\/fr\/publications\/limperatif-economique-dinvestir-dans-les-medias-dinteret-public-une-declaration-de-11-economistes-de-premier-plan\/","url":"https:\/\/informationdemocracy.org\/fr\/publications\/limperatif-economique-dinvestir-dans-les-medias-dinteret-public-une-declaration-de-11-economistes-de-premier-plan\/","name":"L'Imp\u00e9ratif \u00e9conomique d'investir dans les m\u00e9dias d'int\u00e9r\u00eat public: Une d\u00e9claration de 11 \u00e9conomistes de premier plan - Forum Information &amp; Democracy","isPartOf":{"@id":"https:\/\/informationdemocracy.org\/fr\/#website"},"primaryImageOfPage":{"@id":"https:\/\/informationdemocracy.org\/fr\/publications\/limperatif-economique-dinvestir-dans-les-medias-dinteret-public-une-declaration-de-11-economistes-de-premier-plan\/#primaryimage"},"image":{"@id":"https:\/\/informationdemocracy.org\/fr\/publications\/limperatif-economique-dinvestir-dans-les-medias-dinteret-public-une-declaration-de-11-economistes-de-premier-plan\/#primaryimage"},"thumbnailUrl":"https:\/\/informationdemocracy.org\/wp-content\/uploads\/2025\/10\/Screenshot-2025-10-07-at-16.17.41.png","datePublished":"2025-09-22T14:17:15+00:00","dateModified":"2025-10-13T13:47:08+00:00","breadcrumb":{"@id":"https:\/\/informationdemocracy.org\/fr\/publications\/limperatif-economique-dinvestir-dans-les-medias-dinteret-public-une-declaration-de-11-economistes-de-premier-plan\/#breadcrumb"},"inLanguage":"fr-FR","potentialAction":[{"@type":"ReadAction","target":["https:\/\/informationdemocracy.org\/fr\/publications\/limperatif-economique-dinvestir-dans-les-medias-dinteret-public-une-declaration-de-11-economistes-de-premier-plan\/"]}]},{"@type":"ImageObject","inLanguage":"fr-FR","@id":"https:\/\/informationdemocracy.org\/fr\/publications\/limperatif-economique-dinvestir-dans-les-medias-dinteret-public-une-declaration-de-11-economistes-de-premier-plan\/#primaryimage","url":"https:\/\/informationdemocracy.org\/wp-content\/uploads\/2025\/10\/Screenshot-2025-10-07-at-16.17.41.png","contentUrl":"https:\/\/informationdemocracy.org\/wp-content\/uploads\/2025\/10\/Screenshot-2025-10-07-at-16.17.41.png","width":778,"height":1100},{"@type":"BreadcrumbList","@id":"https:\/\/informationdemocracy.org\/fr\/publications\/limperatif-economique-dinvestir-dans-les-medias-dinteret-public-une-declaration-de-11-economistes-de-premier-plan\/#breadcrumb","itemListElement":[{"@type":"ListItem","position":1,"name":"Accueil","item":"https:\/\/informationdemocracy.org\/fr\/"},{"@type":"ListItem","position":2,"name":"L&#8217;Imp\u00e9ratif \u00e9conomique d&#8217;investir dans les m\u00e9dias d&#8217;int\u00e9r\u00eat public: Une d\u00e9claration de 11 \u00e9conomistes de premier plan"}]},{"@type":"WebSite","@id":"https:\/\/informationdemocracy.org\/fr\/#website","url":"https:\/\/informationdemocracy.org\/fr\/","name":"Forum on Information & Democracy","description":"","publisher":{"@id":"https:\/\/informationdemocracy.org\/fr\/#organization"},"potentialAction":[{"@type":"SearchAction","target":{"@type":"EntryPoint","urlTemplate":"https:\/\/informationdemocracy.org\/fr\/?s={search_term_string}"},"query-input":{"@type":"PropertyValueSpecification","valueRequired":true,"valueName":"search_term_string"}}],"inLanguage":"fr-FR"},{"@type":"Organization","@id":"https:\/\/informationdemocracy.org\/fr\/#organization","name":"Forum on Information & Democracy","url":"https:\/\/informationdemocracy.org\/fr\/","logo":{"@type":"ImageObject","inLanguage":"fr-FR","@id":"https:\/\/informationdemocracy.org\/fr\/#\/schema\/logo\/image\/","url":"https:\/\/informationdemocracy.org\/wp-content\/uploads\/2025\/09\/Logo.svg","contentUrl":"https:\/\/informationdemocracy.org\/wp-content\/uploads\/2025\/09\/Logo.svg","width":168,"height":51,"caption":"Forum on Information & Democracy"},"image":{"@id":"https:\/\/informationdemocracy.org\/fr\/#\/schema\/logo\/image\/"},"sameAs":["https:\/\/www.linkedin.com\/company\/forum-information-democracy","https:\/\/www.youtube.com\/playlist?list=PL-yF0NqTYQU2B3I97oh3Dv2Dfevd8ThM_","https:\/\/www.instagram.com\/foruminformationdemocracy\/"]}]}},"_links":{"self":[{"href":"https:\/\/informationdemocracy.org\/fr\/wp-json\/wp\/v2\/publications\/13417","targetHints":{"allow":["GET"]}}],"collection":[{"href":"https:\/\/informationdemocracy.org\/fr\/wp-json\/wp\/v2\/publications"}],"about":[{"href":"https:\/\/informationdemocracy.org\/fr\/wp-json\/wp\/v2\/types\/publications"}],"version-history":[{"count":1,"href":"https:\/\/informationdemocracy.org\/fr\/wp-json\/wp\/v2\/publications\/13417\/revisions"}],"predecessor-version":[{"id":13619,"href":"https:\/\/informationdemocracy.org\/fr\/wp-json\/wp\/v2\/publications\/13417\/revisions\/13619"}],"wp:featuredmedia":[{"embeddable":true,"href":"https:\/\/informationdemocracy.org\/fr\/wp-json\/wp\/v2\/media\/13418"}],"wp:attachment":[{"href":"https:\/\/informationdemocracy.org\/fr\/wp-json\/wp\/v2\/media?parent=13417"}],"wp:term":[{"taxonomy":"contenu-mis-en-avant","embeddable":true,"href":"https:\/\/informationdemocracy.org\/fr\/wp-json\/wp\/v2\/contenu-mis-en-avant?post=13417"},{"taxonomy":"thematic","embeddable":true,"href":"https:\/\/informationdemocracy.org\/fr\/wp-json\/wp\/v2\/thematic?post=13417"},{"taxonomy":"publication-type","embeddable":true,"href":"https:\/\/informationdemocracy.org\/fr\/wp-json\/wp\/v2\/publication-type?post=13417"},{"taxonomy":"workstream","embeddable":true,"href":"https:\/\/informationdemocracy.org\/fr\/wp-json\/wp\/v2\/workstream?post=13417"}],"curies":[{"name":"wp","href":"https:\/\/api.w.org\/{rel}","templated":true}]}}

L&rsquo;Impératif économique d&rsquo;investir dans les médias d&rsquo;intérêt public: Une déclaration de 11 économistes de premier plan

<!-- This site is optimized with the Yoast SEO plugin v27.4 - https://yoast.com/product/yoast-seo-wordpress/ -->
<title>L&#039;Impératif économique d&#039;investir dans les médias d&#039;intérêt public: Une déclaration de 11 économistes de premier plan - Forum Information &amp; Democracy</title>
<meta name="robots" content="index, follow, max-snippet:-1, max-image-preview:large, max-video-preview:-1" />
<link rel="canonical" href="https://informationdemocracy.org/fr/publications/limperatif-economique-dinvestir-dans-les-medias-dinteret-public-une-declaration-de-11-economistes-de-premier-plan/" />
<meta property="og:locale" content="fr_FR" />
<meta property="og:type" content="article" />
<meta property="og:title" content="L&#039;Impératif économique d&#039;investir dans les médias d&#039;intérêt public: Une déclaration de 11 économistes de premier plan - Forum Information &amp; Democracy" />
<meta property="og:url" content="https://informationdemocracy.org/fr/publications/limperatif-economique-dinvestir-dans-les-medias-dinteret-public-une-declaration-de-11-economistes-de-premier-plan/" />
<meta property="og:site_name" content="Forum Information &amp; Democracy" />
<meta property="article:modified_time" content="2025-10-13T13:47:08+00:00" />
<meta property="og:image" content="https://informationdemocracy.org/wp-content/uploads/2025/10/Screenshot-2025-10-07-at-16.17.41.png" />
	<meta property="og:image:width" content="778" />
	<meta property="og:image:height" content="1100" />
	<meta property="og:image:type" content="image/png" />
<meta name="twitter:card" content="summary_large_image" />
<script type="application/ld+json" class="yoast-schema-graph">{"@context":"https:\/\/schema.org","@graph":[{"@type":"WebPage","@id":"https:\/\/informationdemocracy.org\/fr\/publications\/limperatif-economique-dinvestir-dans-les-medias-dinteret-public-une-declaration-de-11-economistes-de-premier-plan\/","url":"https:\/\/informationdemocracy.org\/fr\/publications\/limperatif-economique-dinvestir-dans-les-medias-dinteret-public-une-declaration-de-11-economistes-de-premier-plan\/","name":"L'Impératif économique d'investir dans les médias d'intérêt public: Une déclaration de 11 économistes de premier plan - Forum Information &amp; Democracy","isPartOf":{"@id":"https:\/\/informationdemocracy.org\/fr\/#website"},"primaryImageOfPage":{"@id":"https:\/\/informationdemocracy.org\/fr\/publications\/limperatif-economique-dinvestir-dans-les-medias-dinteret-public-une-declaration-de-11-economistes-de-premier-plan\/#primaryimage"},"image":{"@id":"https:\/\/informationdemocracy.org\/fr\/publications\/limperatif-economique-dinvestir-dans-les-medias-dinteret-public-une-declaration-de-11-economistes-de-premier-plan\/#primaryimage"},"thumbnailUrl":"https:\/\/informationdemocracy.org\/wp-content\/uploads\/2025\/10\/Screenshot-2025-10-07-at-16.17.41.png","datePublished":"2025-09-22T14:17:15+00:00","dateModified":"2025-10-13T13:47:08+00:00","breadcrumb":{"@id":"https:\/\/informationdemocracy.org\/fr\/publications\/limperatif-economique-dinvestir-dans-les-medias-dinteret-public-une-declaration-de-11-economistes-de-premier-plan\/#breadcrumb"},"inLanguage":"fr-FR","potentialAction":[{"@type":"ReadAction","target":["https:\/\/informationdemocracy.org\/fr\/publications\/limperatif-economique-dinvestir-dans-les-medias-dinteret-public-une-declaration-de-11-economistes-de-premier-plan\/"]}]},{"@type":"ImageObject","inLanguage":"fr-FR","@id":"https:\/\/informationdemocracy.org\/fr\/publications\/limperatif-economique-dinvestir-dans-les-medias-dinteret-public-une-declaration-de-11-economistes-de-premier-plan\/#primaryimage","url":"https:\/\/informationdemocracy.org\/wp-content\/uploads\/2025\/10\/Screenshot-2025-10-07-at-16.17.41.png","contentUrl":"https:\/\/informationdemocracy.org\/wp-content\/uploads\/2025\/10\/Screenshot-2025-10-07-at-16.17.41.png","width":778,"height":1100},{"@type":"BreadcrumbList","@id":"https:\/\/informationdemocracy.org\/fr\/publications\/limperatif-economique-dinvestir-dans-les-medias-dinteret-public-une-declaration-de-11-economistes-de-premier-plan\/#breadcrumb","itemListElement":[{"@type":"ListItem","position":1,"name":"Accueil","item":"https:\/\/informationdemocracy.org\/fr\/"},{"@type":"ListItem","position":2,"name":"L&#8217;Impératif économique d&#8217;investir dans les médias d&#8217;intérêt public: Une déclaration de 11 économistes de premier plan"}]},{"@type":"WebSite","@id":"https:\/\/informationdemocracy.org\/fr\/#website","url":"https:\/\/informationdemocracy.org\/fr\/","name":"Forum on Information & Democracy","description":"","publisher":{"@id":"https:\/\/informationdemocracy.org\/fr\/#organization"},"potentialAction":[{"@type":"SearchAction","target":{"@type":"EntryPoint","urlTemplate":"https:\/\/informationdemocracy.org\/fr\/?s={search_term_string}"},"query-input":{"@type":"PropertyValueSpecification","valueRequired":true,"valueName":"search_term_string"}}],"inLanguage":"fr-FR"},{"@type":"Organization","@id":"https:\/\/informationdemocracy.org\/fr\/#organization","name":"Forum on Information & Democracy","url":"https:\/\/informationdemocracy.org\/fr\/","logo":{"@type":"ImageObject","inLanguage":"fr-FR","@id":"https:\/\/informationdemocracy.org\/fr\/#\/schema\/logo\/image\/","url":"https:\/\/informationdemocracy.org\/wp-content\/uploads\/2025\/09\/Logo.svg","contentUrl":"https:\/\/informationdemocracy.org\/wp-content\/uploads\/2025\/09\/Logo.svg","width":168,"height":51,"caption":"Forum on Information & Democracy"},"image":{"@id":"https:\/\/informationdemocracy.org\/fr\/#\/schema\/logo\/image\/"},"sameAs":["https:\/\/www.linkedin.com\/company\/forum-information-democracy","https:\/\/www.youtube.com\/playlist?list=PL-yF0NqTYQU2B3I97oh3Dv2Dfevd8ThM_","https:\/\/www.instagram.com\/foruminformationdemocracy\/"]}]}</script>
<!-- / Yoast SEO plugin. -->

L'Impératif économique d'investir dans les médias d'intérêt public: Une déclaration de 11 économistes de premier plan - Forum Information &amp; Democracy

L&#8217;Impératif économique d&#8217;investir dans les médias d&#8217;intérêt public: Une déclaration de 11 économistes de premier plan
